k - 6. Let a be b(m). What is the highest common factor of a and 36?
12
Let p(a) = -a**2 + 13*a + 2. Let t be p(9). Suppose 3*o + l = t, o - 6*o = l - 66. Calculate the highest common factor of 10 and o.
2
Let d(w) = -w**3 + 29*w**2 - w + 31. Let i be d(29). Suppose i*j + 15*j - 1088 = 0. What is the highest common factor of 576 and j?
64
Suppose 68 = -5*b - 2. Let j(g) = -g**2 - 13*g + 26. Let n be j(b). Let w(v) = -9*v - 3. Let i be w(-7). What is the highest common factor of n and i?
12
Suppose -b + 6*b + 2*t - 35 = 0, -2*b + 35 = 5*t. Let w be (b/(-5) - -57) + 8/(-4). What is the greatest common factor of w and 18?
18
Suppose 0 = 4*b + 368*f - 365*f - 18, 3*f = -b. Calculate the highest common divisor of 3606 and b.
6
Suppose -2*c - 5*f = -35, 0 = -2*f + 6 - 16. Let x = 6 + -9. Let o(y) = 5*y**2 - y - 3. Let j be o(x). Calculate the highest common factor of c and j.
15
Let j = 731 - 681. What is the greatest common factor of j and 1825?
25
Let p be ((-1)/3)/((-4)/6228). Let l = p + -495. Calculate the highest common divisor of 228 and l.
12
Let h(b) = 10*b - 41. Let t be h(-4). Let q = 91 + t. Calculate the highest common factor of q and 10.
10
Let b = -1415 - -1422. Calculate the greatest common divisor of b and 13573.
7
Let w = -184 + 129. Let v = -59 - w. Let y be (v - -10)*(1 - -3). What is the greatest common factor of 16 and y?
8
Let r(z) = z**2 + 96*z - 683. Let o be r(7). Suppose 5*k + 1279 = 3*j, 4*k = -4*j + 1786 - 134. Calculate the highest common divisor of j and o.
38
Suppose 3473 + 4370 = 28*a - 8285. Calculate the highest common divisor of 27 and a.
9
Let h = 84 - 90. Let c be (20 - 15)*(1 - h*1). Let v = -5 + c. Calculate the greatest common factor of v and 150.
30
Let h be (2400/(-45))/((-8)/(-30)*(-10)/12). What is the highest common factor of h and 4680?
120
Suppose -r = 7 - 8, 2976 = b + r. What is the greatest common divisor of 125 and b?
25
Suppose 0 = 4*v + 4*y - 168, 2 + 2 = 2*y. Suppose 99*q - 4111 - 839 = 0. Calculate the highest common factor of v and q.
10
Suppose -7*d + 4*d = -15. Suppose -3*m = -d*m + 100. Let h = 73 - m. Calculate the highest common divisor of h and 46.
23
Let c(u) = 41*u - 79. Let k be c(3). Let x = 15 + 5. Calculate the greatest common factor of k and x.
4
Let g be 297279/986 + 5/2. What is the greatest common divisor of 16 and g?
16
Let j = 32 + -79. Let l = 91 + j. Let u = -23 + l. What is the greatest common divisor of u and 84?
21
Suppose x = -1, -62 = -t + 10*x - 8*x. Calculate the highest common factor of 1290 and t.
30
Let f(d) = 9*d**3 - 14*d**2 + 106*d + 15. Let o be f(11). What is the highest common divisor of o and 147?
147
Let s(r) = 2*r**3 + 31*r**2 + 46*r + 126. Let g be s(-14). Let x = -29 - -79. What is the greatest common divisor of g and x?
10
Let h(i) be the second derivative of i**5/10 - 5*i**4/12 - 4*i**3/3 + 17*i**2/2 + i + 45. Let b be h(3). What is the greatest common divisor of 62 and b?
2
Let i = -445 + 457. Let l be (325/15 - i) + 8/6. What is the greatest common factor of l and 88?
11
Let l = -114 - 59. Let m = -163 - l. What is the highest common factor of m and 90?
10
Let u(z) = z**2 - 7*z - 19. Let s be u(10). Suppose -5*q = -2*a - 35, -s + 36 = 5*a. What is the greatest common factor of 243 and q?
9
Let p be (-3*3)/(12204/(-103056)). Let a = 641 - 375. Calculate the highest common divisor of p and a.
38
Let y be 3 + -1 - (-18)/15*-10. Let q(z) = -8*z - 52. Let h be q(y). Calculate the highest common factor of h and 322.
14
Let k(w) = -59*w - 187. Let q be k(-34). Calculate the highest common factor of q and 321.
107
Let v = -25161 - -25801. Suppose -2*d - 38 = -2*w, -3*w = -4*w + 5*d + 15. What is the greatest common divisor of w and v?
20
Suppose 5*g - 81 = 4*s - 5*s, -88 = -4*g + 5*s. Let w = 22 - 28. Let c be ((-68)/(-10))/(w/(-15)). Calculate the highest common divisor of c and g.
17
Let q(m) = m**2 - 21*m + 2. Let j be q(21). Let u = j - -3. Suppose u*p = 3*y + 495, 100 - 289 = -2*p + 3*y. What is the highest common factor of p and 68?
34
Suppose 5*h - 1926 = -v, -4*h - 5*v = -7*v - 1538. Let x = 828 + -821. What is the greatest common factor of h and x?
7
Let s be 168/10*(6/2 - 10/20). Suppose -66 = -c - 3. Calculate the greatest common factor of c and s.
21
Let g(d) = -20*d - 15*d + 6*d**3 + 49*d - 10*d**2 - 3. Let l be g(5). Calculate the greatest common divisor of 21 and l.
21
Suppose -j = -5*j + 960. Suppose -1126*v - 79552 = -3612*v. What is the greatest common divisor of v and j?
16
Let a(r) = 13*r**3 + 2*r**2 + 3*r - 2. Let y = 30 + -27. Let p be a(y). Calculate the highest common factor of p and 47.
47
Let h be -1227*(-1)/(-3) - (1 + -6). Let g be (1 - h) + 0/(2 - -6). Calculate the greatest common factor of g and 45.
45
Suppose 6 = -b + 14. Let h be (16/(-8) - -7) + 270. Let i = h + -235. Calculate the highest common factor of i and b.
8
Let j be (-22204)/50 - 92/(-1150). Let k = j + 452. Suppose 5*t - 24 = 2*t. Calculate the greatest common divisor of t and k.
8
Let u(g) = 24*g**2 - 39*g - 106. Let h be u(-5). Calculate the greatest common divisor of h and 1222.
13
Let p = -794 + 1194. Suppose 0 = -4*q + 13*q - 225. What is the highest common divisor of q and p?
25
Let c(m) = -134*m - 585. Let h be c(-5). Calculate the highest common divisor of h and 70.
5
Suppose 55*v - 21*v + 272 = 0. Let r = v - -24. Calculate the highest common divisor of 272 and r.
16
Suppose -2*h - 2*v - 610 = 764, h + 3*v = -683. Let d = -486 - h. Let b = 43 - 14. What is the greatest common divisor of d and b?
29
Let d be 1/(-12) - 476827/(-516). Let k be d/165*(14/4 - 1). Calculate the highest common factor of 287 and k.
7
Suppose 2*o = 4*k + 40, 8 = o + 6*k - 4*k. Suppose 11*c = 12*c - o. What is the highest common factor of 238 and c?
14
Let p = 462 + -254. Suppose 2*r - 9 = -3. Suppose 3*q = 3*n - n - 64, q = -r*n + 74. Calculate the highest common divisor of n and p.
26
Let h(r) = 7*r**3 - 131*r**2 - 39*r + 35. Let l be h(19). What is the greatest common divisor of l and 272?
16
Suppose -33*d + 37*d = -5*k + 28410, 3*d + 5*k - 21305 = 0. What is the greatest common divisor of 609 and d?
203
Let w = -270 - -269. Let y be 0/(w - -4) + (-1248)/(-6). Calculate the greatest common divisor of y and 80.
16
Let x = -7 - -10. Suppose -2*c - 8 = -x*c. Let v = -559 - -591. Calculate the greatest common divisor of v and c.
8
Suppose -8420 = -60*r - 5758 + 17738. What is the greatest common divisor of 425 and r?
85
Let w = -1038 + 1043. Suppose 31*c = 40*c - 4545. Calculate the greatest common factor of c and w.
5
Let z = -9475 - -9547. What is the highest common factor of 522 and z?
18
Let j(l) = 12*l - 39. Suppose 181*y = 188*y - 70. Let i be j(y). Calculate the greatest common factor of 729 and i.
81
Let l(v) = 66*v - 2. Let c be l(1). Suppose -44 = -5*f + 4*n + 36, 3*n = 4*f - c. Let g be 11/88 - (-638)/f. Calculate the greatest common factor of g and 8.
8
Suppose 0 = 8*o - 13*o - 30, -6396 = -5*q - 4*o. What is the highest common factor of 9 and q?
3
Let m be 4/(-14) + (-19)/7. Let o be (-32)/(-12) + 2/m. Suppose -18*g = -38*g - 27*g + 376. Calculate the highest common divisor of g and o.
2
Let q(k) = k**3 - 10*k**2 + 10*k - 14. Let o be q(9). Let u be (-347)/o + (-15)/(-25). What is the greatest common divisor of 175 and u?
35
Let a(l) = 4*l**2 + 5*l + 7. Let h be a(-2). Let s = h - 3. Calculate the highest common factor of s and 470.
10
Let a(v) = -3*v**3 - 7*v**2 + 21*v + 5. Let g be a(-6). What is the greatest common factor of g and 11?
11
Suppose -8*y + 120 = -6*y - 4*r, 4*r + 270 = 5*y. Let k(p) = -p**3 + 14*p**2 - 12*p + 27. Let z be k(13). What is the highest common factor of y and z?
10
Let g be -1 - (0 - (-15)/(-1)). Let j(k) = -k**3 + 42*k**2 - 117*k + 91. Let l be j(39). What is the greatest common factor of g and l?
7
Suppose 4*u = 192*w - 189*w - 34, 2*w - u - 16 = 0. Calculate the highest common factor of 292 and w.
2
Suppose 0 = 3*r + 12, 8*r = -b + 3*r - 44. Let o = b + 37. What is the greatest common divisor of 104 and o?
13
Suppose 4240 + 830 = 62*l - 2370. What is the greatest common divisor of l and 936?
24
Suppose -31*s + 6*s + 3591 = -c, -2*s = 4*c - 324. Let y = -20 + 38. Calculate the greatest common factor of y and s.
18
Let b be ((-4)/2)/(1